3
What is 2 + 12 + (6 - 28)?
-8
(1 - 7) + (-7 - -27) + -30
-16
Evaluate -23 + 0 + 9 + 8 + -3.
-9
Evaluate (-1 - 35 - (-17 - -20)) + 17.
-22
(5 - 1) + (47 - 13) + -22
16
Calculate (-4 - -3) + 7 - (-9 + 5).
10
Calculate (6 + 8 - 18) + 12.
8
What is 7 + 11 - (-9 - (1 + -1 - 2))?
25
Evaluate -6 + (25 - 5 - (-41 + 39)).
16
-10 - (4 + -1 - (-60 + 84)) - 7
4
What is the value of (18 - 2 - 22) + (9 - -1) - -29?
33
Evaluate -5 - 5 - -6 - -3 - (0 + 1).
-2
What is 4 + -7 + (32 - 25)?
4
What is the value of 0 + 5 + (-11 - -6)?
0
What is the value of 5 + (-22 - (-22 + 26)) - (-9 - -1)?
-13
Evaluate -1 - 5 - (-17 + 1 - 7).
17
(4 - 21 - -10 - 0) + 8
1
What is the value of -22 + -14 + (-2 - -23) - -27?
12
What is the value of 5 - (13 + -12 + 14)?
-10
Calculate 6 + 3 - (68 + -76).
17
Calculate 1011 + -1016 + -1 + 1 + (3 - -2).
0
(24 - 58 - -51) + -23
-6
Evaluate (-11 - 1) + -56 + 62.
-6
What is (-2 - (4 + -3)) + -15?
-18
-5 + ((10 - 0) + 9 - 10)
4
(18 - 3 - 28) + 11
-2
-5 + ((-22 - -15) + 10 - -6)
4
Evaluate 3 + (8 - 5) + -31 + 18.
-7
What is -20 + 3 + (-6 - (6 - 12) - -6)?
-11
Calculate -29 + 34 + (-7 - (3 + 2)).
-7
11 + (-3 - 17) - (1 + -42)
32
Evaluate 18 + 2 + -12 + 1.
9
What is 0 + 2 + (14 - 20) - -6 - -11?
13
Evaluate -20 - (-10 + -20 + 31).
-21
What is the value of (8 - 16) + (-1 - -7) - 4 - -2?
-4
What is the value of -9 + (-1 - -10) + 6?
6
(-2 + 9 - 14) + -5 + (13 - 36)
-35
Calculate (-1 - 15) + (175 - 170) - (1 + -5).
-7
Evaluate -11 - (-4 + 3) - (-6 - (-9 + 6)).
-7
Calculate 14 + (-32 - -1) + (-6 - -3).
-20
Evaluate 114 + -83 + -25 + 1.
7
Evaluate 2 + 1 + 4 + -11 + -11 + 20.
5
What is the value of -11 + 1 + -7 - -32?
15
What is (-21 - -33) + 6 + -32?
-14
-37 + (11 - (-11 + -35))
20
What is the value of -8 + (2 - (-7 + -13))?
14
What is -8 + (11 - 3) + -4?
-4
Evaluate -123 - -125 - (-20 - 8).
30
Evaluate -6 + (9 - 9) + (-2 - (-9 + -2)).
3
Calculate -130 + 107 + (0 - -21).
-2
Calculate 0 - -2 - (47 - (51 - 24)).
-18
What is the value of 13 + 20 + (15 - 19) + -13?
16
What is (-18 - -1 - -20) + (4 - -2) - 0?
9
What is the value of 20 - (33 - (15 + -2))?
0
Calculate -3 + -14 + (10 - 6 - (-5 + 2)).
-10
What is 22 + -3 - 18 - (1 + 0)?
0
What is the value of 1 + -1 + -2 + 9 + -1 + -9?
-3
What is 6 + (4 - 13 - (-1 - (-7 - 0)))?
-9
-32 - ((22 - 24) + -52)
22
What is (3 - 38) + -15 + 26?
-24
Calculate -4 + 8 + (-12 - 4) + 17 + -5.
0
Evaluate (-4 - 5) + 10 + -1 + -4.
-4
What is -7 + (32 - 6) + -3 + -10?
6
What is the value of 1 - 2 - -12 - (803 - 777)?
-15
Calculate (77 + -64 - (0 - 16)) + -9.
20
What is the value of (-199 - -197) + -8 + -16?
-26
(-4 - -12) + -14 + 1 - -11
6
What is 153 + -157 + -4 + -1?
-9
What is the value of -8 + (5 - 3) + (32 - 28)?
-2
What is the value of -22 + 3 - (-24 - 0 - -22)?
-17
What is the value of 36 + (6 + 2 - 13) - (2 + -2)?
31
Calculate -116 + 107 + (0 - (3 - (2 - -2))).
-8
What is -22 - (-1 + (19 - 27 - (-7 - -3)))?
-17
What is (7 - 1) + (-59 - -45)?
-8
What is -5 + (-15 + 2 + -7 - (-2 - 2))?
-21
Evaluate 21 - (39 + (-14 - 6)).
2
-7 - (5 + 2 + -2) - -1
-11
Calculate (-15 - -12) + 23 - 12.
8
What is the value of 1 - (-13 - ((-5 - (-6 - -3)) + -2))?
10
(-11 + -12 - -12) + 9 + 1
-1
Evaluate -2 + -9 + 38 + -23.
4
What is 30 - 32 - (1 + 3) - -8?
2
Calculate -17 - (-14 - (-6 - -4)).
-5
What is the value of -6 + (32 - 40 - (0 - 23))?
9
Calculate 2 + (-16 - (-2 + -6)) - 32.
-38
Calculate 1 + 24 + -9 + (2 - 9).
9
What is the value of 16 + 0 - (187 + -180)?
9
(-10 - 0) + (-34 - -45) + 7
8
Evaluate 0 + -17 - ((-17 - 12) + 28).
-16
What is the value of 35 + -21 - (21 + -2)?
-5
19 - 1 - 51 - (-1 + -2 - 0)
-30
(61 - 33) + (-5 - 36)
-13
Calculate (-11 - -1) + 2 - (8 - (24 + -23)).
-15
Evaluate (4 - (9 + -15 + -1)) + -39.
-28
(2 - 10 - (8 - 1)) + 3
-12
What is -1 - (-8 - (5 + -7)) - (-2 + 9)?
-2
Evaluate -4 + -6 + (-4 - -4 - -13).
3
Evaluate -22 + (32 + -16 - 6).
-12
What is (-1635 - -1671) + -41 + 0?
-5
Evaluate 29 - (10 - (-17 + 3)).
5
Evaluate 25 - 9 - 24 - (0 + 27).
-35
2 + (-41 - 1) + 43
3
-62 + 31 + 27 + -6
-10
Calculate 63 + -135 + 82 - (38 - 0).
-28
-2 + -11 + 17 + -9 + (5 - -13)
13
What is the value of 1 + 6 + 2 - -11?
20
What is -2 - -7 - (176 + -192)?
21
Evaluate 12 + 8 + -13 + -19.
-12
Calculate (-325 - -346) + -1 + -1 + 1.
20
What is the value of 289 - 309 - (-10 - -2)?
-12
Evaluate -29 + 9 + (30 - 12).
-2
What is the value of -14 + 22 + (-3 - 11) - (4 - 3)?
-7
Calculate 17 - (18 + (-13 - (-7 + 11))).
16
What is -29 + 35 + (-5 - 1) + (1 - -1)?
2
What is 20 + (5 - 12) - 4?
9
2 + -9 + 9 + -10 + 3
-5
What is the value of 0 + (-9 - (1 - 0) - 3)?
-13
What is -3 + (8 + -3 - -2) - -19 - 6?
17
What is 26 + (-43 - (-4 - -9))?
-22
What is the value of -3 - 33 - (32 + -17 - 12)?
-39
What is 30 + (-13 - -30) + -31?
16
Calculate (18 - (0 - -33)) + 30.
15
What is -3 + (0 - 1) - (-75 - -87)?
-16
What is the value of -8 + (-19 - -13) + 17?
3
-3 - (1 + 2) - (180 + -174)
-12
What is -14 - 2 - ((3 - 0) + (-92 - -79))?
-6
(5 - (3 + 9 + -7 + -4)) + -5
-1
Evaluate 5 + 1 + (20 - (20 + 11)) + -11.
-16
What is the value of (23 - -17) + (-31 - 5)?
4
What is (3 - 1) + 2 + -1?
3
Calculate (17 - -1) + (-10 - -9) + -119 + 119.
17
What is 10 + -16 - (-18 - (2 + -4))?
10
What is the value of (-9 - (15 - 36)) + 1?
13
What is the value of 1 + 1 + -8 + -4 + 5?
-5
Calculate -32 + (30 + 26 - 18).
6
What is the value of -7 + 15 + -33 + 38?
13
Calculate 20 - (7 + -7 + 11).
9
Calculate 6 + 9 - (63 + -35).
-13
What is the value of (14 + -6 - 2) + -8?
-2
Calculate (-1 - 10 - ((20 - 0) + -28)) + 11.
8
What is 108 + -117 - (-1 - 10) - -2?
4
What is the value of -1 + -6 - (1 + -8 - (-96 - -88))?
-8
(-17 - (-5 + (11 - 7))) + 13
-3
Evaluate -5 - (-11 - (-2 + -2)).
2
Evaluate -5 - (-12 + (-1 - -1)).
7
Evaluate -10 + 5 + -3 + 1.
-7
Evaluate 0 + 4 + (-4 - -6) + 2 + -20.
-12
What is the value of 26 - (35 - 17) - 14?
-6
11 - 3 - (-31 + 33 + -30)
36
Calculate -9213 - -9233 - (0 - (-1 + -2 + 0)).
17
What is 31 - 43 - 19 - 5?
-36
What is the value of -6 + 8 + (-1 - 2) + (-18 - -12)?
-7
What is the value of -200 + 168 + 47 + -2?
13
Calculate 2 - (1 - -5 - (9 - 3)).
2
-2 - (-7 + 5 + -4 - (-7 - -5))
2
What is -40 - (5 + -95) - 15?
35
What is the value of (-4 + -24 - 0) + 3?
-25
1 - (-15 - (6 + -13))
9
What is 10 + (15 + (-17 - 0) - 40)?
-32
-15 + 8 + 4 + -4
-7
13 - -2 - (13 + -20 + 5)
17
What is 12 - (-4 - -12) - (-1 - (1 + 1))?
7
What is 3 + -14 + (31 - 22) - (1 - 4)?
1
What is -37 - (0 + -15) - -4?
-18
Calculate (1 - 11) + 13 + 8.
11
(26 - 17) + 7 + (-1 - 0) + -5
10
What is the value of 41 - 46 - (5 - 23)?
13
Calculate -6 - -22 - (2 - (-1 - -1)) - 7.
7
What is the value of -7 - ((7 - 0 - 11) + -4)?
1
Evaluate -5 + 2 + 6 + 99 + -97.
5
Evaluate 4 - (-5 - -26) - (0 - 6).
-11
What is the value of -28 + 33 - 8 - (9 - 0)?
-12
Evaluate (-128 - -137) + (-7 - 0) - (0 + 15).
-13
-8 - (-5 - 9) - 4
2
Evaluate 0 + -3 + 8 - 14.
-9
Evaluate 12 + (47 + -49 - (3 + -5 + 1)).
11
33 + -42 + 4 + (-2 - -22) - 7
8
What is the value of -44 - -30 - (-7 - 1)?
-6
Evaluate 2 + -5 - (21 - 12 - (0 + 2)).
-10
What is the value of 2 + 12 + 0 - 5?
9
What is the value of 2 - -1 - ((-1 + 15 - 12) + 2)?
-1
What is the value of 6 - (9 - (18 - 6))?
9
What is (-7 - -8) + (6 - (-6 + 2)) + 0?
11
What is (-74 - -70) + (-14 - -4)?
-14
What is -8 + 1 + 8 + -7 + (-2 - 3)?
-11
(8 - (1 + 21 + -8)) + -10
-16
What is the value of 12 - (9 - -24 - 26)?
5
What is 5 - 2 - (-2 - 3) - (7 + -25)?
26
10 - (-3 + 1) - (-4 + 2 + 5)
9
Evaluate 17 - -1 - (163 - 145).
0
Evaluate 852 - 846 - (-1 + 3 - -6 - 3).
1
Calculate -22 - (-50 + -7) - 35.
0
Evaluate 1 + -19 + 106 + -105.
-17
Calculate 4 + -7 + (-7 - -2).
-8
-57 + 19 + -8 + 19
-27
What is 2 - ((0 - -4 - (-4 - -20)) + 2)?
12
What is the value of (-6 - -4) + 0 + 7 + -2?
3
What is -5 + (-19 - (16 + -39))?
-1
(5 - 7) + -2 + -4 - 6
-14
What is the value of -53 - (-19 - (26 - 9))?
-17
Calculate -3 - (0 + -1) - -3 - (978 - 981).
4
Evaluate -5 + 0 + 370 + -389.
-24
Calculate (20 - 7) + -10 + 3.
6
Calculate 7 + (0 + -1 - (8 + 2)).
-4
What is 22 - (-1 - -6) - 7?
10
What is 35 + 30 + -16 + -68?
-19
What is (-21 - -4) + 13 + -4?
-8
What is (-1 - 12) + (10 + 6 - 7)?
-4
-11 + 12 - (0 + (-12 - -1))
12
Evaluate 23 + (-36 - -50) + (-4 - -2).
35
5 - (-5 - ((-7 - -13) + 2 + -1))
17
Calculate (1 - 9) + 3 + 